{"id":17,"date":"2010-12-28T11:23:36","date_gmt":"2010-12-28T11:23:36","guid":{"rendered":"http:\/\/www.turnarit.si\/?page_id=17"},"modified":"2019-12-18T21:20:03","modified_gmt":"2019-12-18T20:20:03","slug":"povezave","status":"publish","type":"page","link":"https:\/\/www.turnarit.si\/index.php\/povezave","title":{"rendered":"Povezave"},"content":{"rendered":"<p>Doma\u010di:<br \/>\n    <a title=\"Spletna stran AK Ravne\" href=\"http:\/\/www.akravne.si\" target=\"_blank\" rel=\"noopener\">AK Ravne<\/a><br \/>\n\t<a title=\"Spletna stran AK \u010crna\" href=\"http:\/\/www.akcrna.si\/)\" target=\"_blank\" rel=\"noopener\">AK \u010crna<\/a><br \/>\n\t<a title=\"Spletna stran AK Slovenj Gradec\" href=\"http:\/\/alpklubsg.si\/\" target=\"_blank\" rel=\"noopener\">AK Slovenj Gradec<\/a><br \/>\n\t<a title=\"Spletna stran PK Martin\u010dek\" href=\"http:\/\/www.pk-martincek.net\/\" target=\"_blank\" rel=\"noopener\">PK Martin\u010dek<\/a><br \/>\n\t<a title=\"Spletna stran GRS Koro\u0161ka\" href=\"http:\/\/www.grs-koroska.si\/\" target=\"_blank\" rel=\"noopener\">GRS Koro\u0161ka<\/a><\/p>\n<p>Na\u0161i:<br \/>\n    <a title=\"Spletna stran TK Gora\" href=\"http:\/\/www.turni-klub-gora.si\/~frances\/razmere\/\" target=\"_blank\" rel=\"noopener\">TK Gora<\/a><br \/>\n\t<a title=\"Spletna stran Sne\u017eak\" href=\"https:\/\/www.snezak.si\/\" target=\"_blank\" rel=\"noopener\">Sne\u017eak<\/a><\/p>\n<p>AT:<br \/>\n    <a title=\"Spletna stran Salzburg Lawinenwarndienst\" href=\"http:\/\/www.lawine.salzburg.at\/touren.php\" target=\"_blank\" rel=\"noopener\">Salzburg Lawinenwarndienst<\/a><br \/>\n\t<a title=\"Spletna stran SchitterTour\" href=\"http:\/\/www.schittertour.at\/touren.html\" target=\"_blank\" rel=\"noopener\">SchitterTour<\/a><br \/>\n\t<a title=\"Spletna stran Feiersinger\" href=\"https:\/\/feiersinger.jimdofree.com\/\" target=\"_blank\" rel=\"noopener\">Feiersinger<\/a><\/p>\n<p>IT:<br \/>\n    <a title=\"Spletna stran Over the Top\" href=\"http:\/\/thetop.it\/index.php?page=view_ski\" target=\"_blank\" rel=\"noopener\">Over the Top<\/a><br \/>\n\t<a title=\"Spletna stran Gulliver\" href=\"https:\/\/www.gulliver.it\/home\/\" target=\"_blank\" rel=\"noopener\">Gulliver<\/a><br \/>\n\t<a title=\"Spletna stran Scivolare\" href=\"http:\/\/www.scivolare.it\/\" target=\"_blank\" rel=\"noopener\">Scivolare<\/a><\/p>\n<p>F:<br \/>\n    <a title=\"Spletna stran Skitour\" href=\"http:\/\/www.skitour.fr\/\" target=\"_blank\" rel=\"noopener\">Skitour<\/a><br \/>\n\t<a title=\"Spletna stran Camp to camp\" href=\"https:\/\/www.camptocamp.org\/outings?act=skitouring\" target=\"_blank\" rel=\"noopener\">Camp to camp<\/a><\/p>\n<p>CH:<br \/>\n    <a title=\"Spletna stran Gipfelbuch\" href=\"https:\/\/www.gipfelbuch.ch\/gipfelbuch\/verhaeltnisse\" target=\"_blank\" rel=\"noopener\">Gipfelbuch<\/a><\/p>\n","protected":false},"excerpt":{"rendered":"<p>Doma\u010di: AK Ravne AK \u010crna AK Slovenj Gradec PK Martin\u010dek GRS Koro\u0161ka Na\u0161i: TK Gora Sne\u017eak AT: Salzburg Lawinenwarndienst SchitterTour Feiersinger IT: Over the Top Gulliver Scivolare F: Skitour Camp to camp CH: Gipfelbuch<\/p>\n","protected":false},"author":7672,"featured_media":0,"parent":0,"menu_order":3,"comment_status":"closed","ping_status":"open","template":"","meta":{"ngg_post_thumbnail":0},"_links":{"self":[{"href":"https:\/\/www.turnarit.si\/index.php\/wp-json\/wp\/v2\/pages\/17"}],"collection":[{"href":"https:\/\/www.turnarit.si\/index.php\/wp-json\/wp\/v2\/pages"}],"about":[{"href":"https:\/\/www.turnarit.si\/index.php\/wp-json\/wp\/v2\/types\/page"}],"author":[{"embeddable":true,"href":"https:\/\/www.turnarit.si\/index.php\/wp-json\/wp\/v2\/users\/7672"}],"replies":[{"embeddable":true,"href":"https:\/\/www.turnarit.si\/index.php\/wp-json\/wp\/v2\/comments?post=17"}],"version-history":[{"count":18,"href":"https:\/\/www.turnarit.si\/index.php\/wp-json\/wp\/v2\/pages\/17\/revisions"}],"predecessor-version":[{"id":14485,"href":"https:\/\/www.turnarit.si\/index.php\/wp-json\/wp\/v2\/pages\/17\/revisions\/14485"}],"wp:attachment":[{"href":"https:\/\/www.turnarit.si\/index.php\/wp-json\/wp\/v2\/media?parent=17"}],"curies":[{"name":"wp","href":"https:\/\/api.w.org\/{rel}","templated":true}]}}